ne v(-27).
32
Let a(h) = h - 4. Determine a(6).
2
Let b(r) = -3*r**2 - 28*r - 13. What is b(-9)?
-4
Let v(c) = -7*c**2 - 2*c - 6. Determine v(-2).
-30
Let m(y) = 19*y**2 + y - 2. Determine m(1).
18
Let b(n) = 3*n**2 + 19*n - 19. What is b(-8)?
21
Let v(z) = -z**2 - 13*z - 44. Determine v(-5).
-4
Let k(l) = 3*l**3 + l - 1. Give k(1).
3
Let y(j) = -j**2 + 15*j - 18. Give y(14).
-4
Let q(h) = -h**3 - 8*h**2 - 4*h - 3. Calculate q(-7).
-24
Let q(v) = -25*v - 94. What is q(-9)?
131
Let a(v) = v**2 - 2*v - 3. Give a(3).
0
Let b(h) = -h**3 - 2*h**2 - h - 12. Give b(-3).
0
Let u(i) = -5*i**2 - i - 2. Calculate u(2).
-24
Let m(k) = 2*k**3 + 7*k**2 - 52*k - 13. Determine m(-7).
8
Let j(b) = 2*b - 7. Give j(5).
3
Let p(r) = -2*r**2 + 2*r - 6. What is p(4)?
-30
Let q(w) = -12*w + 42. Calculate q(6).
-30
Let b(k) = -k - 5. Calculate b(5).
-10
Let c(f) = f**2 + 9*f + 10. Give c(-6).
-8
Let y(p) = p**2 + 16*p - 3. Determine y(-17).
14
Let c(t) = 7*t**2 - 1. Give c(-1).
6
Let n(b) = b - 4. Determine n(-6).
-10
Let a(m) = m**2 + 8*m + 38. What is a(-5)?
23
Let k(s) = 3*s - 3. Give k(-4).
-15
Let t(y) = 2*y**2 + 2*y - 2. Determine t(-2).
2
Let a(u) = 2*u**2 + 30*u - 18. What is a(-16)?
14
Let v(i) = -26*i + 132. Give v(5).
2
Let q(g) = 4*g**3 - 2*g**2 - g + 1. What is q(-2)?
-37
Let u(s) = -s**3 + 3*s**2 - 3*s + 1. What is u(4)?
-27
Let p(y) = -y**3 + 10*y**2 - 2*y + 10. Determine p(10).
-10
Let u(d) = 2*d**2 - 19*d - 19. Give u(10).
-9
Let x(z) = -2*z**2 + 32*z + 4. Calculate x(16).
4
Let u(c) = 4*c + 96. Determine u(-21).
12
Let x(k) = -k**3 + 12*k**2 + 11*k + 17. What is x(13)?
-9
Let m(z) = z**2 - 4*z - 11. Determine m(5).
-6
Let l(y) = -5*y. Determine l(-2).
10
Let n(h) = 13*h - 108. Give n(0).
-108
Let f(q) = 3*q - 30. Give f(10).
0
Let s(d) = -8*d + 37. What is s(-6)?
85
Let o(x) = -x**3 - 11*x**2 - 9*x + 4. Calculate o(-10).
-6
Let u(z) = 5*z - 17. Calculate u(4).
3
Let i(m) = 4*m - 30. Calculate i(7).
-2
Let z(h) = -13*h**3 - 2*h**2 - 2*h - 1. What is z(-1)?
12
Let b(q) = -q**3 - 7*q**2 + 7*q - 6. Determine b(-7).
-55
Let d(u) = -u**2 + 12*u - 10. What is d(8)?
22
Let m(w) = w**2 + 5*w - 20. What is m(6)?
46
Let u(z) = -z + 24. Give u(8).
16
Let m(d) = -d**3 - 8*d**2 - d + 5. What is m(-8)?
13
Let u(b) = b**2 + 12*b + 1. Calculate u(-9).
-26
Let g(x) = -2*x - 1. Determine g(-6).
11
Let w(a) = -2*a**2 - 21*a + 37. Give w(-12).
1
Let j(y) = -3*y - 5. Give j(13).
-44
Let n(a) = -a**2 - 6*a - 3. Calculate n(-7).
-10
Let f(p) = 88*p + 166. What is f(-2)?
-10
Let w(h) = -h**3 - 2*h**2 + h + 4. Determine w(3).
-38
Let n(m) = 4*m - 46. Determine n(8).
-14
Let k(n) = 15*n. Give k(1).
15
Let z(g) = -2*g**3 + 13*g**2 - 7*g. Determine z(6).
-6
Let o(j) = 4*j**3 + j**2 + j - 2. Determine o(1).
4
Let r(z) = -21*z**2 - 1. Determine r(1).
-22
Let a(j) = j - 1. Calculate a(10).
9
Let x(z) = -5*z**2 - 41*z - 19. Determine x(-8).
-11
Let c(r) = -14*r**3 - 3*r**2 - 3*r - 3. Calculate c(-2).
103
Let w(n) = -10*n - 52. What is w(-6)?
8
Let q(k) = 17*k + 2. What is q(-1)?
-15
Let k(i) = -98*i - 391. What is k(-4)?
1
Let n(k) = 2*k**3 - 3*k**2 - 3*k. What is n(-1)?
-2
Let l(d) = d**3 - 24*d**2 - 26*d - 31. Determine l(25).
-56
Let x(g) = -57*g - 11. Give x(3).
-182
Let k(u) = -2*u**2 + 2*u - 4. Give k(4).
-28
Let s(x) = -6*x - 37. Give s(-5).
-7
Let f(o) = o**2 - 28*o + 32. Give f(27).
5
Let s(v) = -2*v**2 - 12*v + 22. Determine s(2).
-10
Let s(b) = -23*b + 101. Determine s(5).
-14
Let b(n) = n**2 + 24*n + 46. Determine b(-7).
-73
Let d(x) = -24*x - 436. What is d(-18)?
-4
Let t(r) = -r**3 - 23*r**2 - 44*r - 45. What is t(-21)?
-3
Let a(f) = 5*f**3 + f + 1. Give a(-1).
-5
Let b(h) = -2*h - 38. What is b(-23)?
8
Let u(l) = -l**3 + 13*l**2 + 2. Give u(13).
2
Let z(c) = 2*c - 1. What is z(2)?
3
Let t(j) = -29*j**3 - j**2 - j. What is t(-1)?
29
Let g(r) = -r**3 + 12*r**2 + 18*r - 68. Calculate g(13).
-3
Let q(j) = j**3 + 10*j**2 - 9*j + 14. Give q(-11).
-8
Let p(u) = -u**3 + 14*u**2 - 15*u + 6. Give p(13).
-20
Let x(b) = -86*b**2 + b - 2. Calculate x(1).
-87
Let r(t) = 2*t + 13. Determine r(-8).
-3
Let h(x) = 6*x + 2. Determine h(-5).
-28
Let q(b) = -b**2 - 5*b + 91. Give q(-13).
-13
Let i(w) = w**2 - 4*w. Give i(5).
5
Let r(y) = -y**2 - 14*y - 33. Give r(-15).
-48
Let z(n) = -8*n - 70. Give z(-7).
-14
Let g(o) = o**2 + 10*o - 64. What is g(-15)?
11
Let l(j) = -j**3 + 7*j**2 + 8*j - 41. What is l(6)?
43
Let h(l) = 17*l - 62. Determine h(9).
91
Let i(s) = -s**3 + 37*s**2 - 31*s - 195. Calculate i(36).
-15
Let g(t) = t**2 - 26*t + 172. Determine g(14).
4
Let h(r) = 2*r + 7. Calculate h(9).
25
Let l(z) = z**3 + 33*z**2 - 35*z - 49. Give l(-34).
-15
Let n(y) = -y**3 - 2*y**2 + y - 2. Give n(2).
-16
Let c(n) = n**3 - 6*n**2 + 41*n - 242. Determine c(6).
4
Let g(x) = x**2 + 21*x + 29. What is g(-16)?
-51
Let d(j) = j + 12. Calculate d(-5).
7
Let q(p) = -2*p + 16. What is q(14)?
-12
Let d(v) = v**3 - 12*v**2 - 3*v + 27. Calculate d(12).
-9
Let c(k) = -11*k - 3. Give c(4).
-47
Let f(p) = -p**3 + 4*p**2 + 5*p - 3. Calculate f(4).
17
Let w(t) = -2*t + 98. What is w(0)?
98
Let n(k) = 3*k**2 + k + 1. Determine n(-1).
3
Let t(p) = -p**2 - 11*p - 15. Determine t(-10).
-5
Let w(p) = 24*p**3 + 2*p**2 - p. What is w(1)?
25
Let t(q) = 4*q - 53. Give t(11).
-9
Let t(f) = 19*f - 4. What is t(3)?
53
Let w(k) = 3*k**2 - k - 7. What is w(3)?
17
Let c(f) = 13*f + 1. Calculate c(-1).
-12
Let t(u) = -u**2 - 9*u - 27. Calculate t(-10).
-37
Let o(r) = -r**2 - 2*r + 9. What is o(3)?
-6
Let k(d) = -16*d + 2. Calculate k(-2).
34
Let t(n) = n**3 + 4*n**2 - 3*n + 11. Calculate t(-5).
1
Let j(p) = -p**2 + 46*p - 300. What is j(38)?
4
Let g(q) = -16*q + 1. What is g(3)?
-47
Let z(c) = -c**3 - 5*c**2 - 4*c + 1. Give z(-3).
-5
Let p(g) = 6*g + 3. Give p(-4).
-21
Let q(x) = -x**3 - 8*x**2 - 7*x - 3. What is q(-6)?
-33
Let i(f) = 3*f**3 + 24*f**2 - 2*f - 16. Give i(-8).
0
Let y(b) = -8*b - 11. Determine y(2).
-27
Let r(y) = -3*y**2 + 2*y - 13. What is r(0)?
-13
Let r(d) = -5*d - 60. What is r(-12)?
0
Let m(d) = -61*d + 34. What is m(1)?
-27
Let z(b) = -34*b + 1. What is z(1)?
-33
Let p(d) = d**3 + 7*d**2 - 4*d. Determine p(-8).
-32
Let x(l) = 13*l**3 + l**2 + l. Determine x(-1).
-13
Let t(w) = w**3 + 7*w**2 + 2*w - 10. Determine t(-7).
-24
Let q(z) = -z**3 + 11*z**2 - 5. Calculate q(11).
-5
Let z(b) = b**3 + 4*b**2 + 6*b + 7. Determine z(-3).
-2
Let m(y) = y**2 - 18*y - 1. Give m(17).
-18
Let w(x) = -2*x - 10. Calculate w(-8).
6
Let c(x) = x**2 - 16*x + 28. Calculate c(14).
0
Let s(v) = v**2 + 8*v. Calculate s(-8).
0
Let n(r) = -r - 22. Determine n(-7).
-15
Let h(m) = 2*m + 22. Determine h(-5).
12
Let r(j) = j**3 + 6*j**2 - 9*j + 20. Give r(-7).
34
Let f(p) = p**2 + 17*p + 76. Give f(-8).
4
Let y(x) = -x**3 + 19*x**2 - 4. Calculate y(19).
-4
Let j(w) = w**3 + 4*w**2 - 6. Give j(-3).
3
Let q(x) = x**3 + 6*x**2 + 2*x + 5. Determine q(-6).
-7
Let l(x) = -x**3 + 26*x**2 - 21*x - 43. Give l(25).
57
Let t(y) = y**2 + 5*y - 3. Calculate t(-7).
11
Let z(k) = -3*k**3 + k**2 + 3*k - 3. Calculate z(-2).
19
Let u(b) = -2*b**3 + 7*b**2 + 2*b - 6. What is u(4)?
-14
Let v(s) = s**3 - 8*s**2 + 21*s - 45. Give v(6).
9
Let z(d) = -d**3 - 11*d**2 - 10*d + 1. Calculate z(-10).
1
Let x(t) = -t**3 + 28*t**2 + 60*t + 32. Determine x(30).
32
Let n(o) = 26*o - 77. Give n(3).
1
Let l(h) = h**3 - h**2 - 5*h. Give l(4).
28
Let j(b) = -b**3 - 15*b**2 - 15*b - 21. Determine j(-14).
-7
Let r(m) = 2*m**2 - 7. What is r(3)?
11
Let z(t) = -7*t - 59. What is z(-11)?
18
Let h(t) = -t**3 + 10*t**2 + 13*t - 19. Calculate h(11).
3
Let w(c) = c**2 + 10*c - 1. Calculate w(-9).
-10
Let h(d) = -d**3 - 7*d**2 - 5*d - 8. Give h(-6).
-14
Let q(l) = 3*l + 33. Determine q(-12).
-3
Let j(s) = -s**3 - 22*s**2 + 2*s + 47. Give j(-22).
3
Let b(m) = m**2 - 23*m - 1063. Give b(46).
-5
Let m(g) = -g**2 + g - 24. Give m(0).
-24
Let c(w) = 5*w**2 + 60*w + 4. What is c(-12)?
4
Let h(p) = -p - 5. Calculate h(-7).
2
Let v(c) = -c**3 + c**2 - c + 32. What is v(0)?
32
Let a(m) = m**3 - 7*m**2. Give a(7).
0
Let c(n) = n**2 + 15*n + 40. Calculate c(-18).
94
Let o(k) = -k**2 + 7*k + 10. Determine o(-3).
-20
Let f(i) = -i**3 + 9*i**2 + 2*i - 13. Give f(9).
5
Let u(i) = -i**3 - 29*i**2 - 52*i + 44. Determine u(-27).
-10
Let w(f) = 2*f**3 + 2*f**2 - f - 1. Calculate w(-2).
-7
Let